.
-3532
What is -1110111111 (base 2) in base 7?
-2540
34120 (base 11) to base 8
140356
Convert -1010000110111110 (base 2) to base 12.
-1bb66
fa (base 16) to base 15
11a
What is 32310 (base 4) in base 16?
3b4
11001101001001 (base 2) to base 5
410004
Convert -621 (base 10) to base 13.
-38a
Convert 9042 (base 13) to base 9.
30170
Convert 82d (base 14) to base 10.
1609
Convert -604 (base 8) to base 7.
-1063
Convert 3736 (base 8) to base 15.
8e4
-122210200 (base 3) to base 8
-31262
What is -13282 (base 10) in base 2?
-11001111100010
What is -22429 (base 10) in base 9?
-33681
-200011000 (base 3) to base 8
-31656
What is 248 (base 9) in base 16?
ce
What is 900 (base 11) in base 3?
1111100
What is -46505 (base 7) in base 3?
-121100012
-5630 (base 9) to base 8
-10076
What is 221000121 (base 3) in base 5?
1040431
Convert -1603 (base 11) to base 14.
-a72
What is 477 (base 9) in base 11?
329
Convert 7 (base 14) to base 6.
11
What is 1122 (base 5) in base 9?
200
-4140431 (base 5) to base 13
-250a4
5010 (base 6) to base 5
13321
-3432 (base 9) to base 8
-4754
What is 101200112 (base 3) in base 5?
222130
What is -8398 (base 10) in base 15?
-274d
132032 (base 4) to base 8
3616
Convert 102033 (base 4) to base 3.
1121020
Convert -b33 (base 14) to base 10.
-2201
What is -1304 (base 7) in base 13?
-2c0
What is 11114 (base 5) in base 12?
554
1169 (base 10) to base 3
1121022
What is -744 (base 10) in base 13?
-453
-2013 (base 7) to base 6
-3120
Convert 101000110111 (base 2) to base 12.
161b
Convert -183 (base 13) to base 6.
-1140
What is 1a45 (base 15) in base 9?
7722
169 (base 13) to base 11
213
Convert -11101 (base 3) to base 6.
-314
Convert 21531 (base 7) to base 10.
5412
What is -1b (base 15) in base 10?
-26
3055 (base 8) to base 7
4416
Convert 1123 (base 7) to base 3.
120011
What is -1411 (base 7) in base 15?
-267
Convert 10041 (base 5) to base 14.
342
315 (base 12) to base 16
1c1
Convert -127a (base 13) to base 10.
-2636
-1037 (base 8) to base 7
-1404
854a (base 12) to base 9
22024
-11023 (base 8) to base 6
-33231
What is -4402 (base 6) in base 9?
-1342
Convert -371 (base 12) to base 13.
-30a
-24610 (base 7) to base 8
-14513
11b7 (base 14) to base 12
1965
Convert a13 (base 13) to base 14.
89c
2210122 (base 3) to base 12
1222
What is -659 (base 12) in base 5?
-12213
-8cc (base 16) to base 15
-a02
What is -246323 (base 7) in base 4?
-23012000
-10030 (base 9) to base 10
-6588
Convert -244143 (base 6) to base 10.
-21663
Convert 45023 (base 6) to base 12.
3773
What is 111110 (base 2) in base 11?
57
Convert -3113 (base 4) to base 10.
-215
What is -4539 (base 11) in base 16?
-1753
Convert 3 (base 16) to base 4.
3
-2123310 (base 4) to base 13
-4701
-11201 (base 4) to base 6
-1345
What is -3003 (base 7) in base 12?
-720
What is 2174 (base 16) in base 3?
102202012
Convert -20220100 (base 3) to base 12.
-2ab3
Convert -a46 (base 13) to base 2.
-11011010100
What is 557 (base 9) in base 6?
2041
-6895 (base 13) to base 2
-11100101000000
Convert 135 (base 9) to base 8.
161
What is -b4 (base 13) in base 15?
-9c
69a (base 12) to base 7
2602
Convert -4430 (base 5) to base 13.
-384
What is -d336 (base 14) in base 5?
-2130213
20321203 (base 4) to base 12
19117
Convert 20cd (base 15) to base 5.
210233
15262 (base 8) to base 2
1101010110010
What is -5a0a (base 13) in base 9?
-18354
7144 (base 11) to base 5
300421
10001111010111000 (base 2) to base 12
36588
Convert b4d (base 14) to base 10.
2225
Convert 354 (base 13) to base 2.
1001000000
Convert -2200333 (base 4) to base 13.
-48c7
1133201 (base 4) to base 12
3655
What is 1130113 (base 4) in base 10?
5911
Convert -12231 (base 4) to base 11.
-360
What is -490 (base 12) in base 9?
-840
66389 (base 10) to base 13
242ab
-197 (base 11) to base 12
-16b
What is 223303 (base 5) in base 8?
17421
3144 (base 5) to base 3
120201
-4132 (base 5) to base 13
-329
-890 (base 10) to base 8
-1572
-3641 (base 7) to base 9
-1762
What is -13253 (base 6) in base 12?
-1229
What is -4230 (base 5) in base 4?
-20311
-766 (base 14) to base 11
-110a
1124344 (base 5) to base 8
50167
340 (base 9) to base 14
15d
1112021220 (base 3) to base 11
20686
What is 29ad (base 14) in base 4?
1303231
What is -492 (base 10) in base 9?
-606
What is -10011122 (base 3) in base 16?
-908
What is 17415 (base 9) in base 12?
6b42
Convert 23400 (base 5) to base 2.
11010111101
What is ab (base 16) in base 2?
10101011
210122210 (base 3) to base 16
3dad
123332 (base 7) to base 13
a4c6
2ab1 (base 16) to base 4
2222301
What is 3808 (base 9) in base 7?
11201
What is 21343 (base 5) in base 4?
113001
Convert 100011200 (base 3) to base 5.
203222
282 (base 12) to base 4
12002
What is -110012001 (base 3) in base 15?
-2974
25221 (base 10) to base 5
1301341
3321 (base 7) to base 11
993
Convert 702 (base 15) to base 4.
120221
Convert -15471 (base 13) to base 11.
-2831a
Convert -2089 (base 11) to base 14.
-1011
What is 26b (base 16) in base 15?
2b4
What is 13022132 (base 4) in base 16?
729e
What is -612 (base 11) in base 15?
-344
What is -903 (base 10) in base 8?
-1607
Convert -113112 (base 4) to base 7.
-4233
-191 (base 16) to base 15
-1bb
26a7 (base 12) to base 14
1899
What is 30 (base 9) in base 2?
11011
-14257 (base 8) to base 7
-24265
Convert 20204 (base 5) to base 9.
1708
-1248 (base 12) to base 7
-6020
What is -3333 (base 9) in base 6?
-15220
-e (base 15) to base 6
-22
Convert 7673 (base 9) to base 12.
3333
2004 (base 12) to base 9
4664
Convert -2511 (base 6) to base 11.
-513
Convert -7876 (base 15) to base 7.
-134310
a10 (base 12) to base 2
10110101100
What is 4203 (base 8) in base 5?
32204
Convert 20134 (base 5) to base 8.
2416
What is 9c (base 14) in base 9?
163
446 (base 16) to base 2
10001000110
-16020 (base 8) to base 15
-21de
-24a6 (base 11) to base 5
-101022
Convert 7603 (base 9) to base 14.
2076
What is 63 (base 10) in base 15?
43
576 (base 9) to base 2
111011010
What is 3110 (base 4) in base 13?
134
What is -14355 (base 6) in base 16?
-8ff
Convert 27311 (base 10) to base 16.
6aaf
What is -1053 (base 16) in base 9?
-5653
What is 11202001 (base 3) in base 2?
110110000001
Convert -30cc (base 14) to base 15.
-275c
What is 1162 (base 9) in base 16?
362
What is -14894 (base 11) in base 8?
-51054
What is 160 (base 11) in base 12?
137
-121120 (base 3) to base 4
-12333
-11100122 (base 3) to base 5
-100201
25562 (base 7) to base 5
204211
What is -6566 (base 9) in base 8?
-11347
What is -278 (base 14) in base 3?
-200110
11a08 (base 14) to base 7
236511
232301 (base 5) to base 12
4a83
Convert 101000011 (base 2) to base 3.
102222
What is -12211221 (base 3) in base 8?
-10250
What is -41374 (base 8) in base 6?
-211220
Convert c97 (base 14) to base 7.
10150
1014 (base 8) to base 16
20c
14015 (base 6) to base 3
2222102
-3ac5 (base 15) to base 8
-30420
What is 30713 (base 8) in base 4?
3013023
Convert 10111010111000 (base 2) to base 5.
340320
Convert -100121 (base 3) to base 14.
-147
Convert -1258 (base 12) to base 10.
-2084
Convert -240 (base 15) to base 8.
-776
-8b0 (base 16) to base 8
-4260
What is -188 (base 13) in base 14?
-161
Convert -2251 (base 7) to base 8.
-1464
Convert 124 (base 14) to base 3.
22110
What is -34112 (base 5) in base 11?
-1899
Convert 688 (base 12) to base 5.
12333
Convert -460 (base 12) to base 10.
-648
What is 100100110 (base 2) in base 10?
294
Convert -22761 (base 10) to base 12.
-11209
101011110110101 (base 2) to base 16
57b5
What is -2107 (base 9) in base 16?
-60a
What is 1662 (base 11) in base 16?
84d
What is e09 (base 15) in base 3?
11100000
What is 29778 (base 10) in base 2?
111010001010010
Convert -5886 (base 12) to base 6.
-113450
1343311 (base 5) to base 16
6d34
53310 (base 6) to base 3
100221020
-2045 (base 8) to base 12
-745
Convert -105253 (base 6) to base 9.
-13256
What is 6024 (base 8) in base 4?
300110
Convert -3000 (base 6) to base 11.
-53a
-ad9c (base 16) to base 14
-122a8
Convert -2607 (base 8) to base 16.
-587
What is 7a8 (base 15) in base 4?
123011
What is 1aa0 (base 12) in base 11?
251a
13982 (base 11) to base 16
4d65
What is -4917 (base 10) in base 13?
-2313
What is -501 (base 9) in base 2?
-110010110
What is c8d (base 14) in base 2?
100110101101
-53171 (base 8) to base 12
-10989
What is 24a74 (base 12) in base 11?
34555
Convert -4 (base 12) to bas